e highest common divisor of 285 and 15?
15
What is the highest common factor of 440 and 176?
88
Calculate the highest common divisor of 4860 and 4.
4
Calculate the greatest common factor of 366 and 1586.
122
What is the greatest common factor of 145 and 232?
29
What is the greatest common divisor of 344 and 16?
8
What is the greatest common divisor of 2624 and 1722?
82
Calculate the greatest common divisor of 99 and 9.
9
Calculate the greatest common divisor of 165 and 1969.
11
What is the greatest common factor of 2 and 10?
2
What is the highest common divisor of 32329 and 11?
11
Calculate the greatest common factor of 124 and 5084.
124
Calculate the highest common divisor of 559 and 43.
43
Calculate the greatest common factor of 3 and 183.
3
Calculate the highest common factor of 12033 and 63.
63
What is the highest common divisor of 39 and 12?
3
What is the highest common divisor of 482 and 14701?
241
Calculate the highest common divisor of 41 and 61951.
41
What is the highest common divisor of 94 and 4?
2
What is the highest common divisor of 357 and 1377?
51
Calculate the greatest common divisor of 582 and 2.
2
Calculate the greatest common divisor of 36 and 156.
12
Calculate the greatest common factor of 15 and 295.
5
Calculate the greatest common factor of 18 and 36.
18
What is the highest common divisor of 160 and 4310?
10
What is the greatest common factor of 72 and 6588?
36
What is the highest common factor of 594 and 216?
54
What is the highest common factor of 356 and 12?
4
What is the greatest common factor of 286 and 234?
26
What is the highest common factor of 1072 and 32?
16
Calculate the highest common divisor of 2 and 580.
2
What is the greatest common factor of 76 and 128?
4
What is the greatest common divisor of 225 and 15?
15
Calculate the highest common divisor of 555 and 15.
15
Calculate the highest common divisor of 7 and 343.
7
What is the highest common divisor of 29 and 928?
29
What is the highest common divisor of 15 and 5?
5
Calculate the highest common divisor of 52 and 52.
52
Calculate the highest common divisor of 675 and 135.
135
Calculate the greatest common divisor of 25 and 200.
25
Calculate the greatest common divisor of 3 and 7.
1
What is the greatest common divisor of 1134 and 1566?
54
What is the greatest common factor of 400 and 550?
50
Calculate the greatest common factor of 949 and 26.
13
What is the highest common factor of 201 and 12261?
201
Calculate the greatest common factor of 1220 and 580.
20
What is the greatest common factor of 21318 and 99?
33
What is the highest common divisor of 108 and 324?
108
Calculate the highest common divisor of 21 and 567.
21
What is the greatest common divisor of 7 and 581?
7
Calculate the greatest common factor of 323 and 68.
17
What is the highest common factor of 60 and 870?
30
What is the greatest common divisor of 3 and 141?
3
What is the greatest common divisor of 164 and 11644?
164
What is the greatest common factor of 374 and 306?
34
Calculate the highest common divisor of 17 and 272.
17
What is the greatest common divisor of 115 and 92?
23
What is the greatest common divisor of 15 and 215?
5
Calculate the greatest common divisor of 135 and 594.
27
What is the greatest common divisor of 12 and 76?
4
Calculate the greatest common factor of 297 and 22.
11
What is the highest common divisor of 50 and 4150?
50
Calculate the greatest common factor of 6732 and 1428.
204
What is the highest common divisor of 32 and 316?
4
What is the highest common divisor of 50 and 7550?
50
What is the greatest common divisor of 3806 and 44?
22
Calculate the highest common factor of 21 and 63.
21
What is the greatest common factor of 2170 and 70?
70
What is the highest common factor of 165 and 385?
55
Calculate the greatest common divisor of 451 and 11.
11
Calculate the highest common factor of 96 and 8.
8
What is the highest common factor of 162 and 4068?
18
What is the highest common factor of 19 and 323?
19
Calculate the highest common divisor of 3790 and 10.
10
What is the highest common divisor of 60 and 1485?
15
Calculate the highest common divisor of 1672 and 1064.
152
What is the highest common divisor of 25 and 10?
5
What is the highest common factor of 47 and 9?
1
What is the greatest common factor of 52 and 2249?
13
Calculate the highest common divisor of 5892 and 12.
12
What is the highest common factor of 21 and 57?
3
What is the highest common factor of 880 and 320?
80
What is the highest common divisor of 17 and 544?
17
Calculate the greatest common factor of 7774 and 897.
299
Calculate the highest common factor of 744 and 216.
24
What is the highest common factor of 3254 and 3?
1
Calculate the greatest common divisor of 3875 and 75.
25
Calculate the greatest common divisor of 192 and 120.
24
What is the highest common factor of 29748 and 148?
148
What is the highest common divisor of 2385 and 45?
45
What is the highest common divisor of 414 and 36?
18
What is the greatest common factor of 1 and 499?
1
What is the greatest common divisor of 18 and 1062?
18
Calculate the greatest common divisor of 181 and 7783.
181
Calculate the highest common factor of 72 and 45.
9
Calculate the highest common divisor of 1160 and 435.
145
Calculate the greatest common factor of 750 and 18.
6
Calculate the highest common divisor of 305 and 5063.
61
What is the highest common divisor of 15 and 2420?
5
What is the highest common divisor of 16 and 15808?
16
Calculate the greatest common divisor of 11800 and 600.
200
What is the greatest common divisor of 186 and 12?
6
Calculate the highest common factor of 90 and 160.
10
What is the highest common divisor of 30 and 222?
6
Calculate the highest common factor of 3692 and 13.
13
Calculate the highest common divisor of 745 and 2831.
149
Calculate the greatest common factor of 132 and 748.
44
What is the greatest common factor of 721 and 7?
7
Calculate the greatest common factor of 513 and 2727.
27
Calculate the highest common factor of 306 and 12.
6
Calculate the greatest common divisor of 3913 and 104.
13
Calculate the greatest common divisor of 200 and 175.
25
What is the greatest common factor of 406 and 580?
58
Calculate the greatest common factor of 32 and 48.
16
What is the highest common divisor of 58 and 551?
29
What is the highest common divisor of 52 and 18668?
52
What is the greatest common factor of 6 and 33?
3
What is the greatest common factor of 66802 and 254?
254
What is the highest common divisor of 280 and 40?
40
What is the greatest common factor of 77 and 55?
11
Calculate the greatest common factor of 88 and 1452.
44
Calculate the greatest common divisor of 404 and 103828.
404
What is the highest common divisor of 25 and 2425?
25
What is the highest common divisor of 9853 and 167?
167
What is the greatest common factor of 2646 and 56?
14
What is the greatest common divisor of 28 and 7?
7
Calculate the highest common divisor of 82 and 3280.
82
What is the highest common factor of 75 and 135?
15
Calculate the greatest common divisor of 13 and 611.
13
What is the highest common divisor of 488 and 40?
8
Calculate the highest common divisor of 54 and 36.
18
What is the highest common factor of 8874 and 34?
34
What is the highest common factor of 555 and 30?
15
What is the highest common factor of 200 and 3000?
200
Calculate the greatest common factor of 7 and 11207.
7
Calculate the greatest common divisor of 2752 and 16.
16
Calculate the highest common factor of 495 and 99.
99
What is the highest common divisor of 1241 and 73?
73
Calculate the highest common divisor of 243 and 1494.
9
Calculate the highest common factor of 570 and 8664.
114
Calculate the highest common divisor of 275 and 165.
55
Calculate the highest common divisor of 1638 and 3003.
273
Calculate the greatest common divisor of 141 and 376.
47
What is the greatest common factor of 3927 and 1848?
231
What is the highest common divisor of 24 and 2238?
6
Calculate the greatest common divisor of 129 and 301.
43
What is the greatest common divisor of 3501 and 27?
9
Calculate the greatest common divisor of 204 and 12.
12
What is the greatest common factor of 121 and 16?
1
Calculate the highest common factor of 490 and 55.
5
What is the highest common factor of